= -215. Let t = l + 117. List the prime factors of t.
2, 5
Let k = 202 + -217. What are the prime factors of ((-954)/4 - (-16 - k))*-2?
5, 19
Let c = -253 + 256. List the prime factors of 295*((-6)/30 + c).
2, 7, 59
Let x = -6882 + 13924. List the prime factors of x.
2, 7, 503
Let b(t) = -993*t**3 - 5*t**2 - t + 1. Suppose -a - 5*h = -4, 1 = -2*a + 4*a + 3*h. What are the prime factors of b(a)?
2, 3, 5, 11
Let q(a) = -63*a - 553. What are the prime factors of q(-73)?
2, 7, 17
Suppose -6470 = -3*w - l, w - 5*w + 8618 = -3*l. Let r = w + -1088. What are the prime factors of r?
2, 3, 89
Let w be 36/90*(-10)/4 + 410. Let h = w - 235. List the prime factors of h.
2, 3, 29
Let d(g) = -g**3 - 4*g**2 + 10*g - 8. Let k be d(-6). Suppose 2*s + 2*o - 475 = 439, s - k*o = 467. List the prime factors of s.
3, 17
Suppose 31 = 8*w - 33. Let c be w + -2 - 2 - -1. Suppose c*a + 565 = 5*k, 174 + 179 = 3*k + 4*a. What are the prime factors of k?
5, 23
Let l be ((-2)/(-11) + 1674/(-495))*30. Let w = l - -62. Let i = w - -38. What are the prime factors of i?
2
Let o be 6/(-15) - 74956/(-140). Let u = -474 + o. List the prime factors of u.
61
Suppose -3*b = 33*v - 34*v - 455, 2*b - 4*v - 290 = 0. Let t(h) = 2*h**2 - 4*h - 1. Let d be t(7). Let x = b - d. What are the prime factors of x?
2, 3, 7
Let a be (-208)/(-22) - (-120)/220. What are the prime factors of ((15/a)/(-3))/((-2)/148)?
37
Let u(x) = -1102*x - 727. List the prime factors of u(-3).
2579
Let w be (5/1)/(7 - 6). Let i = -30 - -40. What are the prime factors of (78/i - 3)*w?
2, 3
Let p(s) = -47*s + 148. Let m be p(3). Suppose -m*i - 4*i = -2893. List the prime factors of i.
263
Let l be (-8)/(-6)*9/6. Suppose -l*p = s - 187 - 544, -3*p = -3*s + 2238. List the prime factors of s.
3, 13, 19
Let r be (413/(-49) + 9)*(-119)/(-2). Suppose r*l = 30*l + 5180. List the prime factors of l.
5, 7, 37
Let x = -1117 + 3128. What are the prime factors of x?
2011
Suppose -w - 51 = -2*o, 4*o - w = 77 + 20. Let m(q) = 2*q + 2*q**2 - o*q**3 - 7 - 29*q**3 + 8. What are the prime factors of m(-1)?
53
Suppose 13107 = 16*v + v. Let p = -266 + v. List the prime factors of p.
5, 101
Let z = 124 + -134. List the prime factors of (-1)/(-5) - 448/z.
3, 5
Let w(x) = -9*x + 13. Let m be w(0). Suppose -m*p + 6000 = 3*p. List the prime factors of p.
3, 5
Suppose -5*m = 2*t - 352090, -3*m - 18*t = -17*t - 211254. List the prime factors of m.
2, 137, 257
Suppose -p = -3*a - 24, 6*p - 3*p = -a + 92. Suppose -2*y - 6*y = -24. What are the prime factors of 2982/p + ((-6)/5)/y?
3, 11
Let t = 24 - 21. Let r be (-138 + 9)*(-4)/t. Let d = 279 - r. What are the prime factors of d?
107
Let l(n) be the second derivative of n**4/12 - 2*n**3 - 7*n**2/2 - 25*n. Let j be l(5). Let x = 115 - j. List the prime factors of x.
157
Let l = -172 - -166. List the prime factors of (l - (-65)/2)*18.
3, 53
Let h = -86 + 94. Let p be 2*(5 - h)*(-10)/(-4). Let r = p + 95. List the prime factors of r.
2, 5
Suppose 5458 = 3*o - 4*p, -2*o + 3662 = 5*p - 3*p. List the prime factors of o.
2, 11, 83
Let b(y) = -51*y**2 + y - 2. Let g be b(1). List the prime factors of (-1*1185/12)/(13/g).
5, 79
Suppose p = 4*i + 798, 307 = -2*i - 3*p - 85. Let u = i - -204. List the prime factors of u.
5
Let l = 4250 + -3647. List the prime factors of l.
3, 67
List the prime factors of (43/(-2))/((-1239)/(-3336) - (-6)/(-16)).
43, 139
List the prime factors of 138858/33 + 0 + ((-138)/(-33) - 4).
2, 263
Suppose 464*f = 479*f - 35955. List the prime factors of f.
3, 17, 47
Suppose -237*b + 1764002 = -194566. List the prime factors of b.
2, 1033
Let q(r) = 9*r**2 - 55*r + 21. Suppose -8*c + 5*c + 54 = -5*i, 0 = 4*c + i - 49. What are the prime factors of q(c)?
827
What are the prime factors of ((-16)/(-5))/(-2)*8281375/(-970)?
2, 5, 683
Let y be 206/10 + 333/45 + -7. Let z(v) = -v**2 + 41*v - 56. List the prime factors of z(y).
2, 7, 13
Suppose 3*n = -6*n + 18. Suppose 5*u - 188 = -n*a, -5*a + u = -8*a + 308. List the prime factors of (-7)/((-7)/(-3)) + a.
101
List the prime factors of 2 + 1 + 11 + 236.
2, 5
Let c(j) be the second derivative of -97*j**5/10 + j**4/6 + j**3/2 + j**2 - j. Let k = -5176 - -5175. List the prime factors of c(k).
3, 5, 13
Let n(l) be the first derivative of -l**4 - l**3/3 - 3*l**2 - 4*l - 532. Suppose -z + 5*g + 9 = -3*z, z - 2*g = 0. What are the prime factors of n(z)?
2, 3
Let r be 44 - (0 - 1) - 1. Let b = r - 25. Suppose o + b = 2*o. List the prime factors of o.
19
List the prime factors of ((-274206)/115)/((-6)/15)*(1 + 0).
3, 1987
Let w = -32485 - -51779. List the prime factors of w.
2, 11, 877
Let l be (-27)/(-4)*24/9. Let i = -14 + l. What are the prime factors of (2 - i/4)/(1/37)?
37
Let k = 98 + -441. What are the prime factors of (-5 + 24)*k/(-7)?
7, 19
Let n(r) = r**2 + r + 53. Suppose 2*o = b + 18, 4*o + 2 = 14. Let x be n(b). Suppose 4*h + w - 281 = h, 0 = -2*h - 3*w + x. What are the prime factors of h?
2, 47
Suppose 375 = 3*q - 3*n, 3*q - 2*n = 6*q - 360. Let u = 177 - q. Suppose -3*f = -u - 401. List the prime factors of f.
2, 19
Suppose -4033 = -b + q, -14*b - q - 20169 = -19*b. List the prime factors of b.
2, 2017
Let z(b) = -b**3 + b + 2. Let h be z(-1). Suppose -d + 707 = 2*t, 3495 = 5*d + h*t - 0*t. List the prime factors of d.
17, 41
Let r be 4 + -4 + 2/2. Let k be (-1 + r)*4/16*2. Suppose p + k*p = 37. What are the prime factors of p?
37
Let r(p) = 11 + 124*p**2 + 0*p - 3*p + 2*p + 2*p - 30*p**2. What are the prime factors of r(-3)?
2, 7, 61
Suppose -4*y + 274 = -5*y + 3*w, -3*w - 1406 = 5*y. Let z = -20 - y. What are the prime factors of z?
2, 5, 13
Let o = 38677 + -24771. Suppose -24*z = -3926 - o. List the prime factors of z.
743
Let w(d) = -5*d + 27. Let c be w(6). Let f be (c - 50/(-15))*87. List the prime factors of (-842)/(-12) - 5/(1 + f).
2, 5, 7
Suppose 19 = -2*p - 197. What are the prime factors of (-4)/(546/p + 5)?
2, 3
Let c(f) = 34*f + 23. Let d(o) = -33*o - 24. Let t(a) = 4*c(a) + 3*d(a). Let l be t(13). Suppose 0*b + 3*b - l = 0. What are the prime factors of b?
167
Let b(j) = 0 + j**2 + j**3 - 6 - j**2 + 4*j. Let w = -37 - -42. List the prime factors of b(w).
139
Suppose 43713 = -334*i + 337*i. What are the prime factors of i?
3, 1619
Let o(d) = 0 - 164*d**2 - 5*d - 7 + 182*d**2. Let l be o(-3). Suppose 2*i = -3*i + l. What are the prime factors of i?
2, 17
Suppose 4746 = -116*g + 102*g. Let j = 468 - g. List the prime factors of j.
3, 269
Let d(p) = -2398*p - 2872. What are the prime factors of d(-11)?
2, 7, 23, 73
Let x(y) = -3*y**3 + 12*y**2 + 11*y + 5. Let a(u) = -u**2 - u + 2. Let b(o) = -3*a(o) - x(o). List the prime factors of b(7).
521
Let j(l) = -3*l + 30. Let m be j(10). Suppose m = 2*p + 2*n - 28 - 8, 5*n = 5*p - 90. What are the prime factors of (p/(-45))/(((-4)/(-230))/(-2))?
2, 23
Suppose 104 - 44 = 4*g. Suppose -781 = -4*n + 3*k, -g*n + 14*n + 204 = k. List the prime factors of n.
199
Suppose -2*t + 4 = 2*t, -3*z + 2*t + 181 = 0. Suppose h - z = -65. What are the prime factors of (-1269)/(-15) - h/10?
5, 17
Let g = 1 + 5. Let l(b) = 20*b - 6. Let q be l(g). Let u = q + -21. What are the prime factors of u?
3, 31
Let m(v) = -18 - 469*v + v**3 + 11*v**2 + 235*v + 239*v. What are the prime factors of m(-9)?
3, 11
Let t(r) = 4019*r + 185. List the prime factors of t(1).
2, 1051
Let l(c) = 12*c + 72. Let v be l(-16). Let w = v - -214. Suppose 3*j = 314 + w. What are the prime factors of j?
2, 17
Suppose 19*m = 15*m + 12. Suppose -2*y + 5*b - 15 = 0, 2*y + 30 = m*y + 5*b. Suppose y*f = 222 + 483. What are the prime factors of f?
3, 47
Let h be (1/(-2))/((-14)/(-196)). Let i = -4 - h. What are the prime factors of (-2)/i + (-77)/(-21) + 86?
89
Let o be (-76)/(-342) - 893/9. What are the prime factors of (-11169)/o + -3 + 105/33?
113
Let b(j) be the third derivative of -j**4/8 - 3*j**3/2 + 5*j**2. Let s be b(-4). What are the prime factors of (-3)/s + 7 + -4?
2
What are the prime factors of (-8)/5*(-55)/(-33)*(1 - 697)?
2, 29
Let q(y) = 3*y**2 + 3*y + 11. Let j(d) = -d**2 + 3*d + 10. Suppose 4*m = -17 - 3, 2*m + 16 = -2*o. Let l be j(o). What are the prime factors of q(l)?
179
Suppose -3*d + 41 = 2*x, -x - d + 4 = -5*d. Let h = x - 13. Suppose -2*a + 124 = -4*o - 0*o, -h*o - 345 = -5*a. List the prime factors 